.
2, 5
Let a(o) = 2*o**3 + 9*o**2 - 8. Let m be a(-7). Let c = -83 - m. Suppose c = 5*z + 2*w, z + 111 = 4*z + 3*w. What are the prime factors of z?
2
Let v = -290 + 449. Suppose 4*i - v = -3*y + 5*i, y = -5*i + 69. What are the prime factors of y?
2, 3
Suppose -4*k + 3*k = -9. Suppose -k*p = -100 - 278. List the prime factors of p.
2, 3, 7
Suppose -2*v = -5*r - 18, -v + 4 + 6 = -3*r. Let p = r + 82. List the prime factors of p.
2, 5
Let n = 20 + -37. Let w(l) = -l**3 - 5*l**2 - 6*l + 2. Let a be w(-5). Let y = a + n. What are the prime factors of y?
3, 5
Suppose 44*v = 39*v - 2070. Let c = -248 - v. List the prime factors of c.
2, 83
Suppose -14*x - 2895 = -19*x. List the prime factors of x.
3, 193
Let m = 25 + 319. List the prime factors of m.
2, 43
List the prime factors of (-5 + 4 - -1) + 3382.
2, 19, 89
Let r(q) = q**2 - 16*q - 95. Let f be r(21). Let m(v) = v**2 + 7*v + 35. What are the prime factors of m(f)?
5, 41
Suppose -3*t - 780 = 2*t. Let i = -94 - t. List the prime factors of i.
2, 31
Suppose -9*w + 70 = -14*w. What are the prime factors of (w/10 - -1) + 2144/10?
2, 107
Let m(s) = -s**2 - 4*s + 6. Let b be m(-4). Suppose 83 = u + b. List the prime factors of u.
7, 11
List the prime factors of (5*(329 - -2))/1.
5, 331
List the prime factors of ((-189)/81)/((-2)/534).
7, 89
Let t be (-1)/(((-12)/16 + 1)*-1). Suppose t*c - 102 - 282 = 5*w, -4*w = 5*c - 521. List the prime factors of c.
101
Suppose 4*x - 6*f = -8*f - 2, 3*x - 11 = f. Suppose 5*q - 110 = -5*a, -x*q + q - 5*a + 10 = 0. What are the prime factors of q?
5
Let h(g) = 17*g**2 - 32*g - 20. List the prime factors of h(9).
1069
Let q(x) = x**2 + 7. List the prime factors of q(-11).
2
Let x(v) = v**3 + 4*v**2 - 5*v - 3. Let n(y) = -7*y**3 + y**2. Let j be n(1). Let q be x(j). Let w = -12 - q. List the prime factors of w.
3, 11
Let j(w) be the third derivative of 7*w**5/60 + w**4/24 + w**3/6 + 2*w**2. Let z be j(-1). Suppose 0*r - r = -z. What are the prime factors of r?
7
Suppose 0*u - 5*u + 5 = 0. List the prime factors of (0 + -3 + 1 + u)*-151.
151
List the prime factors of (894/8)/(17/(1496/33)).
2, 149
Suppose 2*k + 298 = -2*h, -h - 2*h + 4*k = 454. What are the prime factors of (h/(-8))/(-6*(-3)/48)?
2, 5
Suppose 39*m = 43*m - 2144. What are the prime factors of m?
2, 67
Let t(a) = 4*a - 4. Let x be t(2). Suppose x*s - 34 = 18. What are the prime factors of s?
13
Let l = 52 + -40. Let o(u) = -u**3 - 2*u**2 - u. Let h be o(-2). Suppose -d - n = 2*d - 26, h*d - l = -2*n. What are the prime factors of d?
2, 5
Let p(m) = 0*m + 78 - 33 + 26 - 5*m. What are the prime factors of p(9)?
2, 13
Suppose 4*f = -4*j - 4, -5*f + 3 + 4 = -j. Let b be (-6)/6*(3 + f). List the prime factors of b + 1/1 + 33.
2, 3, 5
Suppose 5*f + 15 = 2*q, 2*q - 1 = 3*f + 8. What are the prime factors of -1 + q - ((-15)/(-3) + -83)?
7, 11
Let u be (-22)/(-8) + 3*(-2)/(-24). Let j(q) = 15*q + 21. What are the prime factors of j(u)?
2, 3, 11
List the prime factors of (-16484)/(-24) - 4/(-72)*3.
3, 229
Let l be ((-516)/(-8))/((-4)/(-8)). Suppose i = -2*i + l. What are the prime factors of i?
43
Suppose 3*l = -2*k - 75, -k = 3*l - 4*k + 75. Let q = l + 49. Let u = q + -6. What are the prime factors of u?
2, 3
Let u(t) = 3*t + 18. Let r be u(-5). Suppose -r*b = -5*z + 25, -z = -3*b + 2*z - 15. What are the prime factors of 4 - (b/1 - 41)?
3, 5
Let x(q) = q**3 + 17*q**2 - 18*q + 17. Let m(c) = -c - 5. Let l be m(13). List the prime factors of x(l).
17
Let o(x) = 1 + 4*x**2 - 8*x - 2*x + 33*x**3 - 29*x**3. List the prime factors of o(3).
5, 23
Let k = -17 + 19. Suppose k*a = 2*g - 26, -5*a + a = 12. Suppose -5*c - q + 21 = q, 5*q + g = 0. What are the prime factors of c?
5
Let s(u) = -5*u + 27 + 2*u + 2*u. What are the prime factors of s(0)?
3
Let b(u) = 3*u**3 - 7*u - 2*u**3 + 5*u**2 + 5 + 7*u**2. List the prime factors of b(-11).
7, 29
Let d(p) be the third derivative of p**4/4 + p**3/2 - p**2. Let j be d(-2). List the prime factors of j/6*12/(-9).
2
Let k(o) be the third derivative of -o**7/720 - o**6/240 + o**5/15 - 5*o**2. Let n(d) be the third derivative of k(d). What are the prime factors of n(-3)?
2, 3
Let i = -6 - -4. Let f = i + 6. Suppose -20 = f*u, 7 = -2*y - 5*u - 0*u. List the prime factors of y.
3
Suppose 5*g = 3*z + 7, -2*z - 4*g = 2*z - 44. Suppose z*r - 5*r = 60. List the prime factors of r.
2, 3, 5
List the prime factors of (-4)/18 + 60/54*1604.
2, 3, 11
Suppose -t + 5*j - 9 = 45, t - 3*j + 48 = 0. Let a be (-5298)/(-90) + (-6)/(-45). Let r = t + a. What are the prime factors of r?
2, 5
Suppose 0*b - b - 798 = -3*g, 5*b - 515 = -2*g. Let v = g - 187. What are the prime factors of v?
2, 3, 13
Let y(p) = -p**3 + 7*p**2 - 7*p**2 - 3*p + 6 + 7*p**2 + 0*p**3. What are the prime factors of y(4)?
2, 3, 7
Let b = 985 - 602. List the prime factors of b.
383
Suppose -94379 = -23*q + 25267. What are the prime factors of q?
2, 3, 17
Suppose 0 = 6*i - 3*i - 594. Let a = i - 122. List the prime factors of a.
2, 19
Let a(q) = 5*q + 6. Let z be a(-4). Suppose -9 + 3 = v. Let n = v - z. List the prime factors of n.
2
Let t be 16/(-10)*10/4. Suppose 2*f + 55 = -f - 4*s, -5 = f - 2*s. What are the prime factors of (-1 + t)/(f/143)?
5, 11
Let h(r) be the second derivative of -7*r**3/6 - r**2/2 - 237*r. Suppose 9 = 2*p - 5*j, 3*p = -0*p - j - 12. List the prime factors of h(p).
2, 5
Suppose 2*d - i - 43 = -2*d, 4*d = -5*i + 25. Suppose -657 = -d*s + 463. List the prime factors of s.
2, 7
Let a = 350 + -170. Let u = 280 - 162. Let d = a - u. List the prime factors of d.
2, 31
Suppose -16*g + 19718 = -33114. List the prime factors of g.
2, 13, 127
Let q(r) = 218*r - 509. List the prime factors of q(6).
17, 47
Let i be -4 + 5 - -118 - -1. Let v = 179 - i. What are the prime factors of v?
59
Suppose 40*q = 46*q - 4626. List the prime factors of q.
3, 257
Suppose 0 = 4*n + 5695 - 23083. List the prime factors of n.
3, 7, 23
Let b(d) = 3*d**2 + 9*d - 2. List the prime factors of b(9).
2, 7, 23
Let b = 774 - 488. What are the prime factors of b?
2, 11, 13
Let d(u) = u**2 + 2*u - 3. Let l be (-4 + 6 + -4)*2. Let m be d(l). Suppose -m*q + 60 = -0*q. What are the prime factors of q?
2, 3
Let i(j) = -6*j - 9. Let f be i(-4). What are the prime factors of (-820)/(-25) - (-3)/f?
3, 11
Let l(n) = -364*n - 97. What are the prime factors of l(-2)?
631
Suppose 0 = -4*d - 5*o + 1219, 2*d - 4*d + 611 = o. List the prime factors of d.
2, 3, 17
Let q(g) = -31*g. Let x be -1*((-2 - -6) + -2). What are the prime factors of q(x)?
2, 31
Suppose 8*q = 15757 + 22043. List the prime factors of q.
3, 5, 7
Let p = 1 - -1. Suppose -p*v = -5*g - 206, -412 = -0*v - 4*v - g. What are the prime factors of v?
103
Let i(u) = -u - 5. Let k be i(-7). Suppose -y - k = 9. List the prime factors of (-2 - y) + -3 + 1.
7
Suppose 0 = 13*q - 3678 - 976. What are the prime factors of q?
2, 179
Let m(j) = 3*j**2 + 8*j + 29. Let b be m(-10). Let t = b - 24. List the prime factors of t.
3, 5
Let w = 1492 - 899. What are the prime factors of w?
593
Let c(f) = -5*f - 5. Let u be c(-2). Suppose -2*a = u*j - 909, -6*j - a = -10*j + 722. List the prime factors of j.
181
Suppose -2*o + 1 = 3*m, -2*m - 2*o + 4 = 2*m. Suppose 5*p + 43 = 4*a, 5*p - m*a = -35 - 6. Let r(v) = -7*v - 13. List the prime factors of r(p).
2, 3
Let f(s) = -s**2 + 16*s + 10. Let b be f(15). Suppose 2*q + b = -3*q. List the prime factors of 354/10 + 2/q.
5, 7
Suppose -2*k = 3*k, -5*k + 106 = t. Suppose 2*p = 4*u + t, 3*p - 199 = -0*u - 2*u. What are the prime factors of p?
3, 7
Let p(m) = 14*m**2 + m - 1. Let h be p(1). Let f be (-1)/(-2) + (-301)/h. Let y = f + 29. What are the prime factors of y?
2
Let p(j) = j**3 - 7*j**2 - 4*j - 13. Let w be p(6). Let t = -44 - w. What are the prime factors of t?
29
Let d(b) = 2*b**3 + 36*b**2 - 30*b + 12. List the prime factors of d(-16).
2, 379
Let u = -580 - -2824. What are the prime factors of u?
2, 3, 11, 17
Suppose 4*t - 3*v - 8134 = 0, -v + 6094 = 26*t - 23*t. What are the prime factors of t?
2, 127
Suppose 5*u = -s + 293, 3*u - 565 = 2*s - 4*s. What are the prime factors of s?
2, 139
Suppose 0 = 6*r + 5*r - 8184. List the prime factors of r.
2, 3, 31
Suppose 0 = -8*z + 46 + 2. What are the prime factors of (-9 + z)*(-35 + -2)?
3, 37
Let f be 4/26 - (